{"id":1093,"date":"2026-01-18T13:24:34","date_gmt":"2026-01-18T13:24:34","guid":{"rendered":"https:\/\/butik.locktorp.se\/?post_type=product&#038;p=1093"},"modified":"2026-01-18T13:24:36","modified_gmt":"2026-01-18T13:24:36","slug":"tackskinn-24094","status":"publish","type":"product","link":"https:\/\/butik.locktorp.se\/?product=tackskinn-24094","title":{"rendered":"Tackskinn 24094"},"content":{"rendered":"<p>Pl\u00e4dberett gotlandsf\u00e5rskinn tv\u00e4ttbart\u00a0i tv\u00e4ttmaskin 30 grader eller handtv\u00e4tt<\/p>\n<p>L\u00e4ngd p\u00e5 ullen ca 3,5 cm.<\/p>\n<p>T\u00e4nk p\u00e5 att\u2026<\/p>\n<p>1. Observera att l\u00e4dersidan p\u00e5 ett skinn ofta f\u00e4ller lite n\u00e4r det \u00e4r nytt. D\u00e4rf\u00f6r kan det vara bra att l\u00e4gga ett skydd emellan m\u00f6rka tyger och att man ser efter n\u00e4r det har legat en stund s\u00e5 att det inte blir f\u00f6r mycket. Man kan oftast f\u00e5 bort f\u00e4llningen med en kl\u00e4drulle eller l\u00e4tt fuktad trasa.<\/p>\n<p>2. En del skinn kan ha sm\u00e5 h\u00e5l i l\u00e4dret oavsett pris. Dessa h\u00e5l kan uppst\u00e5 under beredningen och \u00e4r en naturlig del av ett berett skinn. Vid st\u00f6rre eller mer synliga skador beskrivs de i artikeltexten.<\/p>\n","protected":false},"excerpt":{"rendered":"<p>Pl\u00e4dberett f\u00e5rskinn fr\u00e5n Gotlandsf\u00e5r<br \/>\nca: 95 * 75 cm<\/p>\n","protected":false},"featured_media":1094,"comment_status":"open","ping_status":"closed","template":"","meta":{"_kadence_starter_templates_imported_post":false,"_kad_post_transparent":"default","_kad_post_title":"","_kad_post_layout":"default","_kad_post_sidebar_id":"","_kad_post_content_style":"default","_kad_post_vertical_padding":"default","_kad_post_feature":"","_kad_post_feature_position":"","_kad_post_header":false,"_kad_post_footer":false,"_kad_post_classname":""},"product_brand":[],"product_cat":[19,73],"product_tag":[67,84,46],"class_list":{"0":"post-1093","1":"product","2":"type-product","3":"status-publish","4":"has-post-thumbnail","6":"product_cat-farskinn","7":"product_cat-tackskinn","8":"product_tag-farskinn","9":"product_tag-gotlandsfar","10":"product_tag-gotlandsfarskinn","11":"product_shipping_class-postnord-2000-g","13":"first","14":"instock","15":"sold-individually","16":"taxable","17":"shipping-taxable","18":"purchasable","19":"product-type-simple","20":"entry","21":"content-bg","22":"loop-entry"},"aioseo_notices":[],"jetpack_sharing_enabled":true,"_links":{"self":[{"href":"https:\/\/butik.locktorp.se\/index.php?rest_route=\/wp\/v2\/product\/1093","targetHints":{"allow":["GET"]}}],"collection":[{"href":"https:\/\/butik.locktorp.se\/index.php?rest_route=\/wp\/v2\/product"}],"about":[{"href":"https:\/\/butik.locktorp.se\/index.php?rest_route=\/wp\/v2\/types\/product"}],"replies":[{"embeddable":true,"href":"https:\/\/butik.locktorp.se\/index.php?rest_route=%2Fwp%2Fv2%2Fcomments&post=1093"}],"wp:featuredmedia":[{"embeddable":true,"href":"https:\/\/butik.locktorp.se\/index.php?rest_route=\/wp\/v2\/media\/1094"}],"wp:attachment":[{"href":"https:\/\/butik.locktorp.se\/index.php?rest_route=%2Fwp%2Fv2%2Fmedia&parent=1093"}],"wp:term":[{"taxonomy":"product_brand","embeddable":true,"href":"https:\/\/butik.locktorp.se\/index.php?rest_route=%2Fwp%2Fv2%2Fproduct_brand&post=1093"},{"taxonomy":"product_cat","embeddable":true,"href":"https:\/\/butik.locktorp.se\/index.php?rest_route=%2Fwp%2Fv2%2Fproduct_cat&post=1093"},{"taxonomy":"product_tag","embeddable":true,"href":"https:\/\/butik.locktorp.se\/index.php?rest_route=%2Fwp%2Fv2%2Fproduct_tag&post=1093"}],"curies":[{"name":"wp","href":"https:\/\/api.w.org\/{rel}","templated":true}]}}